
{"id":5939,"date":"2023-11-22T20:34:08","date_gmt":"2023-11-22T23:34:08","guid":{"rendered":"https:\/\/tuga.me\/viagens\/?page_id=5939"},"modified":"2024-02-02T14:30:57","modified_gmt":"2024-02-02T17:30:57","slug":"en","status":"publish","type":"page","link":"https:\/\/tuga.me\/viagens\/en\/","title":{"rendered":"Home EN"},"content":{"rendered":"\t\t<div data-elementor-type=\"wp-page\" data-elementor-id=\"5939\" class=\"elementor elementor-5939\" data-elementor-post-type=\"page\">\n\t\t\t\t<div class=\"elementor-element elementor-element-1e52734 travel-monster__search-section e-con-full e-flex e-con e-parent\" data-id=\"1e52734\" data-element_type=\"container\" data-e-type=\"container\" data-settings=\"{&quot;background_background&quot;:&quot;classic&quot;}\">\n\t\t\t\t<div class=\"elementor-element elementor-element-55a326f elementor--v-position-bottom elementor--h-position-center elementor-pagination-position-inside elementor-widget elementor-widget-slides\" data-id=\"55a326f\" data-element_type=\"widget\" data-e-type=\"widget\" data-settings=\"{&quot;navigation&quot;:&quot;dots&quot;,&quot;autoplay_speed&quot;:9000,&quot;transition_speed&quot;:900,&quot;autoplay&quot;:&quot;yes&quot;,&quot;pause_on_hover&quot;:&quot;yes&quot;,&quot;pause_on_interaction&quot;:&quot;yes&quot;,&quot;infinite&quot;:&quot;yes&quot;,&quot;transition&quot;:&quot;slide&quot;}\" data-widget_type=\"slides.default\">\n\t\t\t\t<div class=\"elementor-widget-container\">\n\t\t\t\t\t\t\t\t\t<div class=\"elementor-swiper\">\n\t\t\t\t\t<div class=\"elementor-slides-wrapper elementor-main-swiper swiper\" role=\"region\" aria-roledescription=\"carousel\" aria-label=\"Slides\" dir=\"ltr\" data-animation=\"fadeInUp\">\n\t\t\t\t<div class=\"swiper-wrapper elementor-slides\">\n\t\t\t\t\t\t\t\t\t\t<div class=\"elementor-repeater-item-8173832 swiper-slide\" role=\"group\" aria-roledescription=\"slide\"><div class=\"swiper-slide-bg elementor-ken-burns elementor-ken-burns--in\" role=\"img\"><\/div><div class=\"swiper-slide-inner\" ><div class=\"swiper-slide-contents\"><div class=\"elementor-slide-heading\">PORTUGAL<\/div><div class=\"elementor-slide-description\">Algarve Beyond the Beaches: Charms and History<\/div><a href=\"https:\/\/tuga.me\/viagens\/trip\/algarve-beyond-the-beaches-charms-and-history\/\" class=\"elementor-button elementor-slide-button elementor-size-sm\">Learn more<\/a><\/div><\/div><\/div><div class=\"elementor-repeater-item-469b26b swiper-slide\" role=\"group\" aria-roledescription=\"slide\"><div class=\"swiper-slide-bg elementor-ken-burns elementor-ken-burns--in\" role=\"img\"><\/div><div class=\"swiper-slide-inner\" ><div class=\"swiper-slide-contents\"><div class=\"elementor-slide-heading\">BRAZIL<\/div><div class=\"elementor-slide-description\">Exploring Maranh\u00e3o: From the Mystical Len\u00e7\u00f3is to the Majestic Chapada<\/div><a href=\"https:\/\/tuga.me\/viagens\/trip\/exploring-maranhao-from-the-mystical-lencois-to-the-majestic-chapada\/\" class=\"elementor-button elementor-slide-button elementor-size-sm\">Learn more<\/a><\/div><\/div><\/div><div class=\"elementor-repeater-item-880ff91 swiper-slide\" role=\"group\" aria-roledescription=\"slide\"><div class=\"swiper-slide-bg elementor-ken-burns elementor-ken-burns--in\" role=\"img\"><\/div><div class=\"swiper-slide-inner\" ><div class=\"swiper-slide-contents\"><div class=\"elementor-slide-heading\">MOROCCO<\/div><div class=\"elementor-slide-description\">The Thousand and One Nights of the Sahara<\/div><div  class=\"elementor-button elementor-slide-button elementor-size-sm\">Learn more<\/div><\/div><\/div><\/div>\t\t\t\t<\/div>\n\t\t\t\t\t\t\t\t\t\t\t\t\t\t\t\t\t\t\t\t<div class=\"swiper-pagination\"><\/div>\n\t\t\t\t\t\t\t\t\t\t\t\t<\/div>\n\t\t\t\t<\/div>\n\t\t\t\t\t\t\t\t<\/div>\n\t\t\t\t<\/div>\n\t\t\t\t<\/div>\n\t\t\t\t<section class=\"elementor-section elementor-top-section elementor-element elementor-element-479d6acb home-conteudo elementor-section-boxed elementor-section-height-default elementor-section-height-default\" data-id=\"479d6acb\" data-element_type=\"section\" data-e-type=\"section\" data-settings=\"{&quot;background_background&quot;:&quot;classic&quot;}\">\n\t\t\t\t\t\t<div class=\"elementor-container elementor-column-gap-default\">\n\t\t\t\t\t<div class=\"elementor-column elementor-col-100 elementor-top-column elementor-element elementor-element-73408327\" data-id=\"73408327\" data-element_type=\"column\" data-e-type=\"column\">\n\t\t\t<div class=\"elementor-widget-wrap elementor-element-populated\">\n\t\t\t\t\t\t<section class=\"elementor-section elementor-inner-section elementor-element elementor-element-20d8b4e1 elementor-section-boxed elementor-section-height-default elementor-section-height-default\" data-id=\"20d8b4e1\" data-element_type=\"section\" data-e-type=\"section\">\n\t\t\t\t\t\t<div class=\"elementor-container elementor-column-gap-default\">\n\t\t\t\t\t<div class=\"elementor-column elementor-col-100 elementor-inner-column elementor-element elementor-element-58a2e08d\" data-id=\"58a2e08d\" data-element_type=\"column\" data-e-type=\"column\">\n\t\t\t<div class=\"elementor-widget-wrap elementor-element-populated\">\n\t\t\t\t\t\t<div class=\"elementor-element elementor-element-c8fc5e4 elementor-headline--style-highlight elementor-widget elementor-widget-animated-headline\" data-id=\"c8fc5e4\" data-element_type=\"widget\" data-e-type=\"widget\" data-settings=\"{&quot;marker&quot;:&quot;underline_zigzag&quot;,&quot;highlighted_text&quot;:&quot;TRAVEL TALE&quot;,&quot;headline_style&quot;:&quot;highlight&quot;,&quot;highlight_animation_duration&quot;:1200}\" data-widget_type=\"animated-headline.default\">\n\t\t\t\t<div class=\"elementor-widget-container\">\n\t\t\t\t\t\t\t<h3 class=\"elementor-headline\">\n\t\t\t\t\t<span class=\"elementor-headline-plain-text elementor-headline-text-wrapper\">YOUR<\/span>\n\t\t\t\t<span class=\"elementor-headline-dynamic-wrapper elementor-headline-text-wrapper\">\n\t\t\t\t\t<span class=\"elementor-headline-dynamic-text elementor-headline-text-active\">TRAVEL TALE<\/span>\n\t\t\t\t<\/span>\n\t\t\t\t\t<span class=\"elementor-headline-plain-text elementor-headline-text-wrapper\">STARTS HERE!<\/span>\n\t\t\t\t\t<\/h3>\n\t\t\t\t\t\t<\/div>\n\t\t\t\t<\/div>\n\t\t\t\t\t<\/div>\n\t\t<\/div>\n\t\t\t\t\t<\/div>\n\t\t<\/section>\n\t\t\t\t<section class=\"elementor-section elementor-inner-section elementor-element elementor-element-cf13c24 elementor-section-boxed elementor-section-height-default elementor-section-height-default\" data-id=\"cf13c24\" data-element_type=\"section\" data-e-type=\"section\">\n\t\t\t\t\t\t<div class=\"elementor-container elementor-column-gap-default\">\n\t\t\t\t\t<div class=\"elementor-column elementor-col-100 elementor-inner-column elementor-element elementor-element-22bc811\" data-id=\"22bc811\" data-element_type=\"column\" data-e-type=\"column\">\n\t\t\t<div class=\"elementor-widget-wrap elementor-element-populated\">\n\t\t\t\t\t\t<div class=\"elementor-element elementor-element-c3658dd has-header-decoration home-conteudo-viagens txt-en elementor-widget elementor-widget-wptravelengine-trips\" data-id=\"c3658dd\" data-element_type=\"widget\" data-e-type=\"widget\" id=\"em-breve-home\" data-widget_type=\"wptravelengine-trips.default\">\n\t\t\t\t<div class=\"elementor-widget-container\">\n\t\t\t\t\t<div class=\"wp-block-wptravelengine-trips wpte-gblock-wrapper elementor-addon wpte-elementor-widget\">\t<div class=\"category-grid wte-d-flex wpte-trip-list-wrapper\t\t\t\t\t\t    wte-col-3 columns-tablet-2 columns-mobile-1\t\">\n\t<!-- Layout 2 -->\n<div class=\"wpte-trip-single wpte-layout-5\">\n\t<div class=\"wpte-inner-container\">\n\t\t<div class=\"wpte-trip-image-wrap\">\n\t\t\t\n\t\t\t\n\t\t\t\t\t\t\t<figure class=\"thumbnail\">\n\t\t\t\t\t<a href=\"https:\/\/tuga.me\/viagens\/algarve-beyond-the-beaches-charms-and-history\/\">\n\t\t\t\t\t\t<img fetchpriority=\"high\" decoding=\"async\" width=\"990\" height=\"490\" src=\"https:\/\/tuga.me\/viagens\/wp-content\/uploads\/2023\/08\/tuga.me-foto-aerea-praia-algarve-portugal1-990x490.jpg\" class=\"attachment-trip-single-size size-trip-single-size wp-post-image\" alt=\"\" \/>\t\t\t\t\t<\/a>\n\t\t\t\t<\/figure>\n\t\t\t\t\t<\/div>\n\t\t<div class=\"wpte-trip-details-wrap\">\n\t\t\t<div class=\"wpte-trip-header-wrap\">\n\t\t\t\t\t\t\t\t\t<div class=\"wpte-trip-title-wrap\">\n\t\t\t\t\t\t<h2 class=\"wpte-trip-title\">\n\t\t\t\t\t\t\t<a itemprop=\"url\" href=\"https:\/\/tuga.me\/viagens\/algarve-beyond-the-beaches-charms-and-history\/\">Algarve Beyond the Beaches: Charms and History<\/a>\n\t\t\t\t\t\t<\/h2>\n\t\t\t\t\t<\/div>\n\t\t\t\t\n\t\t\t\t\t\t\t<\/div>\n\t\t\t\t\t\t\t<div class=\"wpte-trip-content\">\n\t\t\t\t<p>\n\t\t\t\t\tIn a land where the salty scent of the Atlantic meets the wonders of Portuguese culture, we have prepared for you a journey filled with adventure and glamour. The Algarve,...\t\t\t\t<\/p>\n\t\t\t\t<\/div>\n\t\t\t\n\t\t\t<div class=\"wpte-trip-budget-wrap justify-content-between align-items-end\">\n\t\t\t\t<div class=\"wpte-trip_meta-container\">\n\t\t\t\t\t<div class=\"wpte-trip-meta-list\">\n\t\t\t\t\t\t\t\t\t\t\t\t\t\t<span class=\"wpte-trip-meta wpte-trip-destination\">\n\t\t\t\t\t\t\t\t\t<span class=\"wpte-icon-map-marker\"><\/span>\n\t\t\t\t\t\t\t\t\t<span><a rel=\"tag\" target=\"_self\" href=\"https:\/\/tuga.me\/viagens\/destinations\/portugal-en\/\">Portugal<\/a><\/span>\n\t\t\t\t\t\t\t\t<\/span>\n\t\t\t\t\t\t\t\t\t\t\t\t\t\t\n\t\t\t\t\t\t\t<span class=\"wpte-trip-meta wpte-trip-duration\">\n\t\t\t\t\t\t\t\t\t\t\t\t\t\t\t\t<span class=\"wpte-icon-clock\"><\/span>\n\t\t\t\t\t\t\t\t\t<span>\n\t\t\t\t\t\t\t\t\t\t\t\t\t\t\t\t\t\t\t\t\t11 Days\t\t\t\t\t\t\t\t\t<\/span>\n\t\t\t\t\t\t\t\t\t\t\t\t\t\t\t\t\t<\/span>\n\t\t\t\t\t\t\t\t\t\t\t\t\t\n\t\t\t\t\t<\/div>\n\t\t\t\t<\/div>\n\t\t\t\t\t\t\t\t\t<div class=\"wpte-trip-price-wrap align-items-end\">\n\t\t\t\t\t\t\t\t\t\t\t\t<ins><span class=\"wpte-price\">2.390<\/span> <span class=\"wpte-currency-code\">EUR<\/span><\/ins>\n\t\t\t\t\t<\/div>\n\t\t\t\t\t\t\t<\/div>\n\t\t<\/div>\n\t<\/div>\n<\/div>\n<!-- Layout 2 -->\n<div class=\"wpte-trip-single wpte-layout-5\">\n\t<div class=\"wpte-inner-container\">\n\t\t<div class=\"wpte-trip-image-wrap\">\n\t\t\t\n\t\t\t\n\t\t\t\t\t\t\t<figure class=\"thumbnail\">\n\t\t\t\t\t<a href=\"https:\/\/tuga.me\/viagens\/morocco-and-the-thousand-and-one-nights-of-the-sahara\/\">\n\t\t\t\t\t\t<img decoding=\"async\" width=\"990\" height=\"490\" src=\"https:\/\/tuga.me\/viagens\/wp-content\/uploads\/2023\/11\/Marrocos-Deserto-Sahara-990x490.webp\" class=\"attachment-trip-single-size size-trip-single-size wp-post-image\" alt=\"\" \/>\t\t\t\t\t<\/a>\n\t\t\t\t<\/figure>\n\t\t\t\t\t<\/div>\n\t\t<div class=\"wpte-trip-details-wrap\">\n\t\t\t<div class=\"wpte-trip-header-wrap\">\n\t\t\t\t\t\t\t\t\t<div class=\"wpte-trip-title-wrap\">\n\t\t\t\t\t\t<h2 class=\"wpte-trip-title\">\n\t\t\t\t\t\t\t<a itemprop=\"url\" href=\"https:\/\/tuga.me\/viagens\/morocco-and-the-thousand-and-one-nights-of-the-sahara\/\">Morocco and the Thousand and One Nights of the Sahara<\/a>\n\t\t\t\t\t\t<\/h2>\n\t\t\t\t\t<\/div>\n\t\t\t\t\n\t\t\t\t\t\t\t<\/div>\n\t\t\t\t\t\t\t<div class=\"wpte-trip-content\">\n\t\t\t\t<p>\n\t\t\t\t\tEmbarca numa viagem extraordin\u00e1ria a Marrocos, onde os mist\u00e9rios do deserto encontram a riqueza de uma cultura milenar. Da animada Marrakech ao vasto Sahara, esta aventura revelar\u00e1 a alma de...\t\t\t\t<\/p>\n\t\t\t\t<\/div>\n\t\t\t\n\t\t\t<div class=\"wpte-trip-budget-wrap justify-content-between align-items-end\">\n\t\t\t\t<div class=\"wpte-trip_meta-container\">\n\t\t\t\t\t<div class=\"wpte-trip-meta-list\">\n\t\t\t\t\t\t\t\t\t\t\t\t\t\t<span class=\"wpte-trip-meta wpte-trip-destination\">\n\t\t\t\t\t\t\t\t\t<span class=\"wpte-icon-map-marker\"><\/span>\n\t\t\t\t\t\t\t\t\t<span><a rel=\"tag\" target=\"_self\" href=\"https:\/\/tuga.me\/viagens\/destinations\/morocco\/\">Morocco<\/a><\/span>\n\t\t\t\t\t\t\t\t<\/span>\n\t\t\t\t\t\t\t\t\t\t\t\t\t\t\n\t\t\t\t\t\t\t<span class=\"wpte-trip-meta wpte-trip-duration\">\n\t\t\t\t\t\t\t\t\t\t\t\t\t\t\t\t<span class=\"wpte-icon-clock\"><\/span>\n\t\t\t\t\t\t\t\t\t<span>\n\t\t\t\t\t\t\t\t\t\t\t\t\t\t\t\t\t\t\t\t\t8 Days\t\t\t\t\t\t\t\t\t<\/span>\n\t\t\t\t\t\t\t\t\t\t\t\t\t\t\t\t\t<\/span>\n\t\t\t\t\t\t\t\t\t\t\t\t\t\n\t\t\t\t\t<\/div>\n\t\t\t\t<\/div>\n\t\t\t\t\t\t\t<\/div>\n\t\t<\/div>\n\t<\/div>\n<\/div>\n<!-- Layout 2 -->\n<div class=\"wpte-trip-single wpte-layout-5\">\n\t<div class=\"wpte-inner-container\">\n\t\t<div class=\"wpte-trip-image-wrap\">\n\t\t\t\n\t\t\t\n\t\t\t\t\t\t\t<figure class=\"thumbnail\">\n\t\t\t\t\t<a href=\"https:\/\/tuga.me\/viagens\/northern-portugal-and-its-historic-villages\/\">\n\t\t\t\t\t\t<img decoding=\"async\" width=\"990\" height=\"490\" src=\"https:\/\/tuga.me\/viagens\/wp-content\/uploads\/2023\/11\/Portugal-Aldeias-Historicas-990x490.jpeg\" class=\"attachment-trip-single-size size-trip-single-size wp-post-image\" alt=\"\" \/>\t\t\t\t\t<\/a>\n\t\t\t\t<\/figure>\n\t\t\t\t\t<\/div>\n\t\t<div class=\"wpte-trip-details-wrap\">\n\t\t\t<div class=\"wpte-trip-header-wrap\">\n\t\t\t\t\t\t\t\t\t<div class=\"wpte-trip-title-wrap\">\n\t\t\t\t\t\t<h2 class=\"wpte-trip-title\">\n\t\t\t\t\t\t\t<a itemprop=\"url\" href=\"https:\/\/tuga.me\/viagens\/northern-portugal-and-its-historic-villages\/\">Northern Portugal and its Historic Villages<\/a>\n\t\t\t\t\t\t<\/h2>\n\t\t\t\t\t<\/div>\n\t\t\t\t\n\t\t\t\t\t\t\t<\/div>\n\t\t\t\t\t\t\t<div class=\"wpte-trip-content\">\n\t\t\t\t<p>\n\t\t\t\t\tNuma terra onde o aroma salgado do Atl\u00e2ntico se cruza com as maravilhas da cultura portuguesa, preparamos para ti uma jornada repleta de aventura e glamour. O Algarve, nosso quintal...\t\t\t\t<\/p>\n\t\t\t\t<\/div>\n\t\t\t\n\t\t\t<div class=\"wpte-trip-budget-wrap justify-content-between align-items-end\">\n\t\t\t\t<div class=\"wpte-trip_meta-container\">\n\t\t\t\t\t<div class=\"wpte-trip-meta-list\">\n\t\t\t\t\t\t\t\t\t\t\t\t\t\t<span class=\"wpte-trip-meta wpte-trip-destination\">\n\t\t\t\t\t\t\t\t\t<span class=\"wpte-icon-map-marker\"><\/span>\n\t\t\t\t\t\t\t\t\t<span><a rel=\"tag\" target=\"_self\" href=\"https:\/\/tuga.me\/viagens\/destinations\/portugal-en\/\">Portugal<\/a><\/span>\n\t\t\t\t\t\t\t\t<\/span>\n\t\t\t\t\t\t\t\t\t\t\t\t\t\t\n\t\t\t\t\t\t\t<span class=\"wpte-trip-meta wpte-trip-duration\">\n\t\t\t\t\t\t\t\t\t\t\t\t\t\t\t\t<span class=\"wpte-icon-clock\"><\/span>\n\t\t\t\t\t\t\t\t\t<span>\n\t\t\t\t\t\t\t\t\t\t\t\t\t\t\t\t\t\t\t\t\t8 Days\t\t\t\t\t\t\t\t\t<\/span>\n\t\t\t\t\t\t\t\t\t\t\t\t\t\t\t\t\t<\/span>\n\t\t\t\t\t\t\t\t\t\t\t\t\t\n\t\t\t\t\t<\/div>\n\t\t\t\t<\/div>\n\t\t\t\t\t\t\t<\/div>\n\t\t<\/div>\n\t<\/div>\n<\/div>\n<!-- Layout 2 -->\n<div class=\"wpte-trip-single wpte-layout-5\">\n\t<div class=\"wpte-inner-container\">\n\t\t<div class=\"wpte-trip-image-wrap\">\n\t\t\t\n\t\t\t\n\t\t\t\t\t\t\t<figure class=\"thumbnail\">\n\t\t\t\t\t<a href=\"https:\/\/tuga.me\/viagens\/exploring-maranhao-from-the-mystical-lencois-to-the-majestic-chapada\/\">\n\t\t\t\t\t\t<img loading=\"lazy\" decoding=\"async\" width=\"990\" height=\"490\" src=\"https:\/\/tuga.me\/viagens\/wp-content\/uploads\/2023\/11\/Maranhao-chapada-das-mesas-990x490.jpg\" class=\"attachment-trip-single-size size-trip-single-size wp-post-image\" alt=\"\" \/>\t\t\t\t\t<\/a>\n\t\t\t\t<\/figure>\n\t\t\t\t\t<\/div>\n\t\t<div class=\"wpte-trip-details-wrap\">\n\t\t\t<div class=\"wpte-trip-header-wrap\">\n\t\t\t\t\t\t\t\t\t<div class=\"wpte-trip-title-wrap\">\n\t\t\t\t\t\t<h2 class=\"wpte-trip-title\">\n\t\t\t\t\t\t\t<a itemprop=\"url\" href=\"https:\/\/tuga.me\/viagens\/exploring-maranhao-from-the-mystical-lencois-to-the-majestic-chapada\/\">Exploring Maranh\u00e3o: From the Mystical Len\u00e7\u00f3is to the Majestic Chapada<\/a>\n\t\t\t\t\t\t<\/h2>\n\t\t\t\t\t<\/div>\n\t\t\t\t\n\t\t\t\t\t\t\t<\/div>\n\t\t\t\t\t\t\t<div class=\"wpte-trip-content\">\n\t\t\t\t<p>\n\t\t\t\t\tEmbark on a journey through Maranh\u00e3o, where Brazil&#039;s natural beauty intertwines with the rich cultural and historical tapestry of this enchanting state. We have prepared a unique adventure for you,...\t\t\t\t<\/p>\n\t\t\t\t<\/div>\n\t\t\t\n\t\t\t<div class=\"wpte-trip-budget-wrap justify-content-between align-items-end\">\n\t\t\t\t<div class=\"wpte-trip_meta-container\">\n\t\t\t\t\t<div class=\"wpte-trip-meta-list\">\n\t\t\t\t\t\t\t\t\t\t\t\t\t\t<span class=\"wpte-trip-meta wpte-trip-destination\">\n\t\t\t\t\t\t\t\t\t<span class=\"wpte-icon-map-marker\"><\/span>\n\t\t\t\t\t\t\t\t\t<span><a rel=\"tag\" target=\"_self\" href=\"https:\/\/tuga.me\/viagens\/destinations\/brazil\/\">Brazil<\/a><\/span>\n\t\t\t\t\t\t\t\t<\/span>\n\t\t\t\t\t\t\t\t\t\t\t\t\t\t\n\t\t\t\t\t\t\t<span class=\"wpte-trip-meta wpte-trip-duration\">\n\t\t\t\t\t\t\t\t\t\t\t\t\t\t\t\t<span class=\"wpte-icon-clock\"><\/span>\n\t\t\t\t\t\t\t\t\t<span>\n\t\t\t\t\t\t\t\t\t\t\t\t\t\t\t\t\t\t\t\t\t13 Days\t\t\t\t\t\t\t\t\t<\/span>\n\t\t\t\t\t\t\t\t\t\t\t\t\t\t\t\t\t<\/span>\n\t\t\t\t\t\t\t\t\t\t\t\t\t\n\t\t\t\t\t<\/div>\n\t\t\t\t<\/div>\n\t\t\t\t\t\t\t\t\t<div class=\"wpte-trip-price-wrap align-items-end\">\n\t\t\t\t\t\t\t\t\t\t\t\t<ins><span class=\"wpte-price\">2.490<\/span> <span class=\"wpte-currency-code\">EUR<\/span><\/ins>\n\t\t\t\t\t<\/div>\n\t\t\t\t\t\t\t<\/div>\n\t\t<\/div>\n\t<\/div>\n<\/div>\n<!-- Layout 2 -->\n<div class=\"wpte-trip-single wpte-layout-5\">\n\t<div class=\"wpte-inner-container\">\n\t\t<div class=\"wpte-trip-image-wrap\">\n\t\t\t\n\t\t\t\n\t\t\t\t\t\t\t<figure class=\"thumbnail\">\n\t\t\t\t\t<a href=\"#\">\n\t\t\t\t\t\t<img loading=\"lazy\" decoding=\"async\" width=\"990\" height=\"490\" src=\"https:\/\/tuga.me\/viagens\/wp-content\/uploads\/2023\/11\/Brasil-MatoGrosso-Pantanal-990x490.jpeg\" class=\"attachment-trip-single-size size-trip-single-size wp-post-image\" alt=\"\" \/>\t\t\t\t\t<\/a>\n\t\t\t\t<\/figure>\n\t\t\t\t\t<\/div>\n\t\t<div class=\"wpte-trip-details-wrap\">\n\t\t\t<div class=\"wpte-trip-header-wrap\">\n\t\t\t\t\t\t\t\t\t<div class=\"wpte-trip-title-wrap\">\n\t\t\t\t\t\t<h2 class=\"wpte-trip-title\">\n\t\t\t\t\t\t\t<a itemprop=\"url\" href=\"#\">Pantanal: The Indiana Jones Journey<\/a>\n\t\t\t\t\t\t<\/h2>\n\t\t\t\t\t<\/div>\n\t\t\t\t\n\t\t\t\t\t\t\t<\/div>\n\t\t\t\t\t\t\t<div class=\"wpte-trip-content\">\n\t\t\t\t<p>\n\t\t\t\t\tNuma terra onde o aroma salgado do Atl\u00e2ntico se cruza com as maravilhas da cultura portuguesa, preparamos para ti uma jornada repleta de aventura e glamour. O Algarve, nosso quintal...\t\t\t\t<\/p>\n\t\t\t\t<\/div>\n\t\t\t\n\t\t\t<div class=\"wpte-trip-budget-wrap justify-content-between align-items-end\">\n\t\t\t\t<div class=\"wpte-trip_meta-container\">\n\t\t\t\t\t<div class=\"wpte-trip-meta-list\">\n\t\t\t\t\t\t\t\t\t\t\t\t\t\t<span class=\"wpte-trip-meta wpte-trip-destination\">\n\t\t\t\t\t\t\t\t\t<span class=\"wpte-icon-map-marker\"><\/span>\n\t\t\t\t\t\t\t\t\t<span><a rel=\"tag\" target=\"_self\" href=\"https:\/\/tuga.me\/viagens\/destinations\/brazil\/\">Brazil<\/a><\/span>\n\t\t\t\t\t\t\t\t<\/span>\n\t\t\t\t\t\t\t\t\t\t\t\t\t\t\n\t\t\t\t\t\t\t<span class=\"wpte-trip-meta wpte-trip-duration\">\n\t\t\t\t\t\t\t\t\t\t\t\t\t\t\t\t<span class=\"wpte-icon-clock\"><\/span>\n\t\t\t\t\t\t\t\t\t<span>\n\t\t\t\t\t\t\t\t\t\t\t\t\t\t\t\t\t\t\t\t\t13 Days\t\t\t\t\t\t\t\t\t<\/span>\n\t\t\t\t\t\t\t\t\t\t\t\t\t\t\t\t\t<\/span>\n\t\t\t\t\t\t\t\t\t\t\t\t\t\n\t\t\t\t\t<\/div>\n\t\t\t\t<\/div>\n\t\t\t\t\t\t\t<\/div>\n\t\t<\/div>\n\t<\/div>\n<\/div>\n<!-- Layout 2 -->\n<div class=\"wpte-trip-single wpte-layout-5\">\n\t<div class=\"wpte-inner-container\">\n\t\t<div class=\"wpte-trip-image-wrap\">\n\t\t\t\n\t\t\t\n\t\t\t\t\t\t\t<figure class=\"thumbnail\">\n\t\t\t\t\t<a href=\"#\">\n\t\t\t\t\t\t<img loading=\"lazy\" decoding=\"async\" width=\"990\" height=\"490\" src=\"https:\/\/tuga.me\/viagens\/wp-content\/uploads\/2023\/11\/Marrocos-990x490.jpeg\" class=\"attachment-trip-single-size size-trip-single-size wp-post-image\" alt=\"\" \/>\t\t\t\t\t<\/a>\n\t\t\t\t<\/figure>\n\t\t\t\t\t<\/div>\n\t\t<div class=\"wpte-trip-details-wrap\">\n\t\t\t<div class=\"wpte-trip-header-wrap\">\n\t\t\t\t\t\t\t\t\t<div class=\"wpte-trip-title-wrap\">\n\t\t\t\t\t\t<h2 class=\"wpte-trip-title\">\n\t\t\t\t\t\t\t<a itemprop=\"url\" href=\"#\">Morroco 360: Complete Immersion Adventure with Glamour<\/a>\n\t\t\t\t\t\t<\/h2>\n\t\t\t\t\t<\/div>\n\t\t\t\t\n\t\t\t\t\t\t\t<\/div>\n\t\t\t\t\t\t\t<div class=\"wpte-trip-content\">\n\t\t\t\t<p>\n\t\t\t\t\tNuma terra onde o aroma salgado do Atl\u00e2ntico se cruza com as maravilhas da cultura portuguesa, preparamos para ti uma jornada repleta de aventura e glamour. O Algarve, nosso quintal...\t\t\t\t<\/p>\n\t\t\t\t<\/div>\n\t\t\t\n\t\t\t<div class=\"wpte-trip-budget-wrap justify-content-between align-items-end\">\n\t\t\t\t<div class=\"wpte-trip_meta-container\">\n\t\t\t\t\t<div class=\"wpte-trip-meta-list\">\n\t\t\t\t\t\t\t\t\t\t\t\t\t\t<span class=\"wpte-trip-meta wpte-trip-destination\">\n\t\t\t\t\t\t\t\t\t<span class=\"wpte-icon-map-marker\"><\/span>\n\t\t\t\t\t\t\t\t\t<span><a rel=\"tag\" target=\"_self\" href=\"https:\/\/tuga.me\/viagens\/destinations\/morocco\/\">Morocco<\/a><\/span>\n\t\t\t\t\t\t\t\t<\/span>\n\t\t\t\t\t\t\t\t\t\t\t\t\t\t\n\t\t\t\t\t\t\t<span class=\"wpte-trip-meta wpte-trip-duration\">\n\t\t\t\t\t\t\t\t\t\t\t\t\t\t\t\t<span class=\"wpte-icon-clock\"><\/span>\n\t\t\t\t\t\t\t\t\t<span>\n\t\t\t\t\t\t\t\t\t\t\t\t\t\t\t\t\t\t\t\t\t14 Days\t\t\t\t\t\t\t\t\t<\/span>\n\t\t\t\t\t\t\t\t\t\t\t\t\t\t\t\t\t<\/span>\n\t\t\t\t\t\t\t\t\t\t\t\t\t\n\t\t\t\t\t<\/div>\n\t\t\t\t<\/div>\n\t\t\t\t\t\t\t<\/div>\n\t\t<\/div>\n\t<\/div>\n<\/div>\n<\/div><!-- .category-{$layout} --><\/div>\t\t\t\t<\/div>\n\t\t\t\t<\/div>\n\t\t\t\t\t<\/div>\n\t\t<\/div>\n\t\t\t\t\t<\/div>\n\t\t<\/section>\n\t\t\t\t\t<\/div>\n\t\t<\/div>\n\t\t\t\t\t<\/div>\n\t\t<\/section>\n\t\t\t\t<section class=\"elementor-section elementor-top-section elementor-element elementor-element-5ac34828 elementor-section-boxed elementor-section-height-default elementor-section-height-default\" data-id=\"5ac34828\" data-element_type=\"section\" data-e-type=\"section\">\n\t\t\t\t\t\t<div class=\"elementor-container elementor-column-gap-default\">\n\t\t\t\t\t<div class=\"elementor-column elementor-col-100 elementor-top-column elementor-element elementor-element-32b14f2d\" data-id=\"32b14f2d\" data-element_type=\"column\" data-e-type=\"column\">\n\t\t\t<div class=\"elementor-widget-wrap elementor-element-populated\">\n\t\t\t\t\t\t<div class=\"elementor-element elementor-element-29c41e08 elementor-widget__width-initial elementor-absolute elementor-hidden-tablet elementor-hidden-mobile elementor-widget elementor-widget-image\" data-id=\"29c41e08\" data-element_type=\"widget\" data-e-type=\"widget\" data-settings=\"{&quot;_position&quot;:&quot;absolute&quot;}\" data-widget_type=\"image.default\">\n\t\t\t\t<div class=\"elementor-widget-container\">\n\t\t\t\t\t\t\t\t\t\t\t\t\t\t\t<img decoding=\"async\" src=\"https:\/\/wptravelenginedemo.com\/travel-monster\/wp-content\/uploads\/sites\/22\/2022\/09\/planes.png\" title=\"\" alt=\"\" loading=\"lazy\" \/>\t\t\t\t\t\t\t\t\t\t\t\t\t\t\t<\/div>\n\t\t\t\t<\/div>\n\t\t\t\t\t<\/div>\n\t\t<\/div>\n\t\t\t\t\t<\/div>\n\t\t<\/section>\n\t\t\t\t<section class=\"elementor-section elementor-top-section elementor-element elementor-element-7e046e11 elementor-section-boxed elementor-section-height-default elementor-section-height-default\" data-id=\"7e046e11\" data-element_type=\"section\" data-e-type=\"section\">\n\t\t\t\t\t\t<div class=\"elementor-container elementor-column-gap-default\">\n\t\t\t\t\t<div class=\"elementor-column elementor-col-100 elementor-top-column elementor-element elementor-element-3418a601\" data-id=\"3418a601\" data-element_type=\"column\" data-e-type=\"column\">\n\t\t\t<div class=\"elementor-widget-wrap elementor-element-populated\">\n\t\t\t\t\t\t<div class=\"elementor-element elementor-element-26b8be68 elementor-widget__width-initial elementor-absolute elementor-hidden-tablet elementor-hidden-mobile elementor-hidden-laptop elementor-widget elementor-widget-image\" data-id=\"26b8be68\" data-element_type=\"widget\" data-e-type=\"widget\" data-settings=\"{&quot;_position&quot;:&quot;absolute&quot;}\" data-widget_type=\"image.default\">\n\t\t\t\t<div class=\"elementor-widget-container\">\n\t\t\t\t\t\t\t\t\t\t\t\t\t\t\t<img decoding=\"async\" src=\"https:\/\/wptravelenginedemo.com\/travel-monster\/wp-content\/uploads\/sites\/22\/2022\/09\/decoration.png\" title=\"\" alt=\"\" loading=\"lazy\" \/>\t\t\t\t\t\t\t\t\t\t\t\t\t\t\t<\/div>\n\t\t\t\t<\/div>\n\t\t\t\t\t<\/div>\n\t\t<\/div>\n\t\t\t\t\t<\/div>\n\t\t<\/section>\n\t\t\t\t<\/div>\n\t\t","protected":false},"excerpt":{"rendered":"<p>PORTUGALAlgarve Beyond the Beaches: Charms and HistoryLearn moreBRAZILExploring Maranh\u00e3o: From the Mystical Len\u00e7\u00f3is to the Majestic ChapadaLearn moreMOROCCOThe Thousand and One Nights of the SaharaLearn more YOUR TRAVEL TALE STARTS HERE! Algarve Beyond the Beaches: Charms and History In a land where the salty scent of the Atlantic meets the wonders of Portuguese culture, we [&hellip;]<\/p>\n","protected":false},"author":2,"featured_media":0,"parent":0,"menu_order":0,"comment_status":"closed","ping_status":"closed","template":"elementor_header_footer","meta":{"_acf_changed":false,"_eb_attr":"","footnotes":"","_links_to":"","_links_to_target":""},"class_list":["post-5939","page","type-page","status-publish","hentry","travel-monster-post","no-post-thumbnail","latest_post"],"acf":[],"lang":"en","translations":{"en":5939,"pt":2255},"pll_sync_post":[],"_links":{"self":[{"href":"https:\/\/tuga.me\/viagens\/wp-json\/wp\/v2\/pages\/5939","targetHints":{"allow":["GET"]}}],"collection":[{"href":"https:\/\/tuga.me\/viagens\/wp-json\/wp\/v2\/pages"}],"about":[{"href":"https:\/\/tuga.me\/viagens\/wp-json\/wp\/v2\/types\/page"}],"author":[{"embeddable":true,"href":"https:\/\/tuga.me\/viagens\/wp-json\/wp\/v2\/users\/2"}],"replies":[{"embeddable":true,"href":"https:\/\/tuga.me\/viagens\/wp-json\/wp\/v2\/comments?post=5939"}],"version-history":[{"count":35,"href":"https:\/\/tuga.me\/viagens\/wp-json\/wp\/v2\/pages\/5939\/revisions"}],"predecessor-version":[{"id":6754,"href":"https:\/\/tuga.me\/viagens\/wp-json\/wp\/v2\/pages\/5939\/revisions\/6754"}],"wp:attachment":[{"href":"https:\/\/tuga.me\/viagens\/wp-json\/wp\/v2\/media?parent=5939"}],"curies":[{"name":"wp","href":"https:\/\/api.w.org\/{rel}","templated":true}]}}